 What is the highest common factor of n and 6?
6
Let i(p) = 2*p - 8. Let o be i(4). Suppose 3*n - 8*n - 5*x + 145 = o, 5*n = -4*x + 141. Calculate the highest common factor of 10 and n.
5
Let z(o) = -o**2 - 11*o - 10. Let n be z(-7). What is the highest common factor of n and 144?
18
Suppose 0*q - 220 = -5*q. Let f = -30 + q. What is the highest common factor of f and 154?
14
Let c be (-5 + 2)*16/(-3). Let t be (1*8)/(8/144). What is the highest common factor of t and c?
16
Let r(w) = 7*w - 40. Let b be r(6). Suppose -2*n = -3*n + 10. Suppose 3*p = -1 + n, -5*d - p = -8. Calculate the greatest common divisor of b and d.
1
Let k = -8 + 12. Suppose 0 = -f - 5*s + 13, -k*s - 28 = -4*f - 0*f. Calculate the highest common factor of f and 40.
8
Let c be -1*(-90)/(-35)*(-7 - 0). What is the highest common factor of c and 18?
18
Suppose c = -3*r + 35, 4*r - 3*r + 2*c = 20. What is the greatest common factor of 90 and r?
10
Let t(x) = 8*x - 149. Let r be t(22). Suppose 471 = 4*b + q - 496, -4*b - 2*q + 962 = 0. What is the highest common divisor of r and b?
27
Suppose -n = 4*n - 40. Let j = -182 - -270. What is the greatest common divisor of n and j?
8
Suppose u - 168 = q, -4*q + 153 = u - 0*q. Let w be 4 + (2 - (0 + -9)). What is the highest common divisor of u and w?
15
Let j = -3 + 47. What is the greatest common divisor of 110 and j?
22
Let i be (13/(-26))/(2/(-4)). Let h be 22/11 - (-214)/i. What is the highest common factor of h and 24?
24
Let w(r) = 3*r - r + 2 - 8. Suppose 0 = 2*z - 0*z + 2*q - 16, -5*z + 5*q + 10 = 0. Let l be w(z). Calculate the highest common factor of l and 28.
4
Let g = -10 - -12. Let x be 9/((1*-2)/(-4)). Calculate the highest common factor of x and g.
2
Let m be (-2)/4 - 291/(-6). Calculate the highest common divisor of m and 12.
12
Let x = -17 + 28. What is the greatest common divisor of 22 and x?
11
Let x(z) = -z**2 - 9*z - 3. Let k be x(-8). Suppose -5*u + y + 59 = -0*y, -2*u - k*y + 2 = 0. Calculate the greatest common factor of u and 121.
11
Suppose 4*q = -2*m + 860, -q + 215 = -4*m + m. Calculate the highest common factor of 86 and q.
43
Let o(w) = w**2. Suppose 0 = t + 3*t - 12. Let n = -4 + t. Let v be o(n). What is the highest common factor of 1 and v?
1
Let w(c) = -c**2 + 8*c - 7. Let b be w(6). Let o = 16 - 1. Let g be (o/(-6) - -3)*90. Calculate the highest common factor of b and g.
5
Let n(d) = d - 2. Let f be n(5). Suppose -4*j = -37 - f. What is the greatest common divisor of j and 30?
10
Let r be (-2 + -1)*(-1 + 2). Let s be 10 - (-1 - r - 3). What is the greatest common divisor of s and 99?
11
Suppose 11 = -0*s + s. Suppose 2*f - 4*r = 91 + 13, 2*f - 96 = 2*r. Calculate the greatest common divisor of f and s.
11
Let y be -22*3*3/(-18). Calculate the greatest common divisor of y and 11.
11
Suppose -15*b = -16*b + 92. What is the greatest common divisor of 23 and b?
23
Let n(r) = 7*r + 9. Let y(b) = -13*b - 18. Let v(p) = -11*n(p) - 6*y(p). Let a be v(8). Calculate the highest common factor of a and 68.
17
Let m(d) be the second derivative of d**4/12 - 4*d**3/3 + 3*d**2 + 2*d. Let i be m(8). Suppose l + 0*l = 3. What is the highest common factor of i and l?
3
Let w(f) = 3*f + 36. Let m be w(-9). What is the greatest common factor of m and 1?
1
Let g = 52 - 99. Let h = 159 + g. Calculate the greatest common divisor of 14 and h.
14
Let r be (-5 + 3)*40/(-2). Let a be ((-6)/4)/((-1)/(-6)). Let j be (3/a - -2)*3. Calculate the greatest common divisor of j and r.
5
Let q(p) = p + 12. Let v be q(-12). Let y be (-3 + 5 - v) + 52. What is the greatest common divisor of y and 6?
6
Let i(v) = v**2 - 5*v + 9. Let w be -3 - (-1)/((-2)/(-10)). Let l be w + 2 + 4 + -2. Let t be i(l). Calculate the highest common factor of t and 30.
15
Let s = 103 - 47. What is the greatest common factor of s and 8?
8
Suppose -d - d + 250 = 4*t, -170 = -3*t - 5*d. Let b be (-1)/2 - 106/(-4). What is the highest common factor of b and t?
13
Suppose 4*d - 5*s + 230 = 0, -216 = 3*d + 2*s - 55. Let m = 33 + d. Let v = m - -32. What is the greatest common divisor of v and 10?
10
Suppose -1973 = -6*n - 389. Calculate the greatest common divisor of n and 22.
22
Suppose 276*t - 144 = 272*t. Calculate the greatest common divisor of t and 90.
18
Suppose -a + 6 - 2 = 0. Suppose 5*u - 15 = a*p + 37, 0 = 2*u + 3*p - 30. What is the highest common divisor of u and 6?
6
Suppose 2*k = 4 + 2. Suppose -4*a = -3*a - k. Calculate the greatest common factor of a and 12.
3
Let n(k) be the third derivative of k**4/8 + k**3/6 + 4*k**2. Let w be n(1). Calculate the highest common factor of w and 32.
4
Let l be 3/6*(1 + 1). Let v(g) = -g**3 + 7*g**2 - 5*g + 2. Let r be v(6). Calculate the highest common factor of l and r.
1
Suppose 0 = -2*l + j - 10, 3*j = -3*l - 8 + 2. Let k be (-36)/(-30)*(-30)/l. Calculate the greatest common factor of k and 99.
9
Let n be (-3)/(-2*(-1)/(-8)). Let w(s) = s**2 + 8*s + 8. Let r be w(-7). Let k = r - -2. What is the highest common factor of k and n?
3
Suppose 0 = -17*h + 21*h - 576. What is the greatest common divisor of h and 18?
18
Let z = -79 + 133. Calculate the greatest common divisor of 135 and z.
27
Suppose 5*a = 2*s + 10*a - 43, -4*s + a + 53 = 0. Suppose -4*r + 26 = 3*d - 3*r, -d - 4*r + 27 = 0. Calculate the greatest common factor of s and d.
7
Let l = -180 - -188. What is the highest common factor of 104 and l?
8
Let a be ((-72)/27)/((-4)/6). Suppose g - 15 = -w, -a*g = -2*w - 14 - 40. What is the highest common divisor of 98 and g?
14
Let l(g) = 2*g**3 - g**2 - 2*g + 2. Let c be l(2). Let j(z) = -z - 5. Let i be j(-5). Suppose -10 = -u - i*u. Calculate the greatest common divisor of u and c.
10
Let y(j) = j**2 - 3*j + 28. Let p be y(7). Calculate the highest common divisor of 7 and p.
7
Let k = -156 - -282. Calculate the highest common factor of 14 and k.
14
Let b(w) = -w**2 - 9*w. Let y be b(-5). Calculate the greatest common divisor of y and 140.
20
Suppose -4*w = w - 3*q - 60, -2*w - 2*q = -24. Calculate the greatest common factor of w and 48.
12
Let h(c) = -c - 5. Let w be h(-5). Let q = 6 + w. What is the highest common divisor of q and 2?
2
Let q be (1/2)/(1/4). Suppose 2*d - 7 = d + 2*a, -q*a = 2*d + 4. Let p be 3/(d/((-3)/(-1))). What is the greatest common divisor of 3 and p?
3
Suppose -3*u + 319 = -11. Suppose -3*k + 0*k = 24. Let b be ((-8)/6)/(k/60). What is the highest common divisor of b and u?
10
Suppose -5*a + 3*a + 16 = 0. Let p be 6 - 3 - (4 + -3). Suppose -p*y - 6 = 0, 2*n - 49 = -3*n + 3*y. What is the greatest common factor of n and a?
8
Suppose 0 = -c - l + 9, 0*l - 41 = -5*c - l. What is the highest common divisor of 6 and c?
2
Suppose 0 = -2*j - 5 - 3, -4*j = 5*c - 134. Let b = c - 10. What is the greatest common divisor of b and 160?
20
Let a(h) = 19*h - 9. Let o be a(2). What is the greatest common divisor of 29 and o?
29
Suppose -2*b - 30 = -3*b - 4*a, -4*b = 4*a - 108. Suppose -3*v + 3*z = -63, 5*z + 105 - b = 4*v. What is the highest common divisor of 182 and v?
26
Let m be ((-16)/12)/((-1)/3). What is the highest common divisor of 10 and m?
2
Suppose 5*u = u + 12. Calculate the greatest common divisor of 3 and u.
3
Let b = -18 - 24. Let i = -30 - b. What is the greatest common factor of i and 24?
12
Let a(p) = -2*p + 41. Let q be a(8). Calculate the greatest common factor of q and 5.
5
Suppose -5*q + 4 = -11. Let b(p) = 2*p**3 - 2*p**2 - 4*p. Let i be b(q). Calculate the highest common divisor of i and 16.
8
Suppose -4*l + 29 + 11 = 0. What is the greatest common factor of l and 50?
10
Suppose -10*w = -14*w + 900. Calculate the highest common factor of 25 and w.
25
Suppose -a - 5 = 2*j - 23, -3*a + 36 = -3*j. What is the greatest common factor of 63 and a?
7
Suppose -6 = 2*f + 2*f - 2*j, 0 = 5*j + 5. Let t = 9 + f. What is the greatest common divisor of t and 7?
7
Let x(t) = t**3 + 3*t**2 - 3*t - 2. Let g be x(-2). Suppose 0 = -g*r + 5*r + 15. Calculate the highest common factor of r and 20.
5
Let b = -112 - -167. Let a = b + -28. Let g = a + -11. Calculate the greatest common factor of 40 and g.
8
Suppose -7*h + 69 = -183. What is the highest common factor of h and 4?
4
Suppose -z + 2*x - 305 = -4*z, -5*z - x = -520. Calculate the highest common divisor of z and 42.
21
Let w be (54/